{"id":25,"date":"2022-10-14T18:53:20","date_gmt":"2022-10-14T18:53:20","guid":{"rendered":"http:\/\/haukiputaantaideyhdistys.fi\/?page_id=25"},"modified":"2022-10-15T20:07:05","modified_gmt":"2022-10-15T17:07:05","slug":"haukiputaan-taideyhdistys-ry","status":"publish","type":"page","link":"https:\/\/haukiputaantaideyhdistys.fi\/","title":{"rendered":"Haukiputaan taideyhdistys ry"},"content":{"rendered":"\n<p>Haukiputaan taideyhdistys on vuonna 1985 perustettu yhdistys, jonka j\u00e4senist\u00f6\u00f6n kuuluu sek\u00e4 ammattilaisia ett\u00e4 harrastajia.&nbsp; Yhdistyksen toiminnan tarkoituksena on tarjota taide-el\u00e4myksi\u00e4 sek\u00e4 lis\u00e4t\u00e4 taiteen harrastamisen mahdollisuuksia Oulun alueella.<\/p>\n\n\n\n<p>Haluaisitko l\u00e4hte\u00e4 mukaan yhdistyksen toimintaan? J\u00e4senen\u00e4 olet tukemassa taidetoimintaa Oulun alueella ja voit osallistua yhdistyksen tarjoamaan ohjelmaan. Saat my\u00f6s s\u00e4\u00e4nn\u00f6llisesti tietoa yhdistyksen toiminnasta.&nbsp;<\/p>\n\n\n\n<p><\/p>\n","protected":false},"excerpt":{"rendered":"<p>Haukiputaan taideyhdistys on vuonna 1985 perustettu yhdistys, jonka j\u00e4senist\u00f6\u00f6n kuuluu sek\u00e4 ammattilaisia ett\u00e4 harrastajia.&nbsp; Yhdistyksen toiminnan tarkoituksena on tarjota taide-el\u00e4myksi\u00e4 sek\u00e4 lis\u00e4t\u00e4 taiteen harrastamisen mahdollisuuksia Oulun alueella. Haluaisitko l\u00e4hte\u00e4 mukaan yhdistyksen toimintaan? J\u00e4senen\u00e4 olet tukemassa taidetoimintaa Oulun alueella ja voit osallistua yhdistyksen tarjoamaan ohjelmaan. Saat my\u00f6s s\u00e4\u00e4nn\u00f6llisesti tietoa yhdistyksen toiminnasta.&nbsp;<\/p>\n","protected":false},"author":1,"featured_media":340,"parent":0,"menu_order":0,"comment_status":"closed","ping_status":"closed","template":"","meta":{"_kad_post_transparent":"","_kad_post_title":"","_kad_post_layout":"","_kad_post_sidebar_id":"","_kad_post_content_style":"","_kad_post_vertical_padding":"","_kad_post_feature":"","_kad_post_feature_position":"","_kad_post_header":false,"_kad_post_footer":false,"footnotes":""},"class_list":["post-25","page","type-page","status-publish","has-post-thumbnail","hentry"],"_links":{"self":[{"href":"https:\/\/haukiputaantaideyhdistys.fi\/index.php?rest_route=\/wp\/v2\/pages\/25","targetHints":{"allow":["GET"]}}],"collection":[{"href":"https:\/\/haukiputaantaideyhdistys.fi\/index.php?rest_route=\/wp\/v2\/pages"}],"about":[{"href":"https:\/\/haukiputaantaideyhdistys.fi\/index.php?rest_route=\/wp\/v2\/types\/page"}],"author":[{"embeddable":true,"href":"https:\/\/haukiputaantaideyhdistys.fi\/index.php?rest_route=\/wp\/v2\/users\/1"}],"replies":[{"embeddable":true,"href":"https:\/\/haukiputaantaideyhdistys.fi\/index.php?rest_route=%2Fwp%2Fv2%2Fcomments&post=25"}],"version-history":[{"count":0,"href":"https:\/\/haukiputaantaideyhdistys.fi\/index.php?rest_route=\/wp\/v2\/pages\/25\/revisions"}],"wp:featuredmedia":[{"embeddable":true,"href":"https:\/\/haukiputaantaideyhdistys.fi\/index.php?rest_route=\/wp\/v2\/media\/340"}],"wp:attachment":[{"href":"https:\/\/haukiputaantaideyhdistys.fi\/index.php?rest_route=%2Fwp%2Fv2%2Fmedia&parent=25"}],"curies":[{"name":"wp","href":"https:\/\/api.w.org\/{rel}","templated":true}]}}