{"id":28,"date":"2022-10-14T18:54:23","date_gmt":"2022-10-14T18:54:23","guid":{"rendered":"http:\/\/haukiputaantaideyhdistys.fi\/?page_id=28"},"modified":"2025-12-02T16:56:35","modified_gmt":"2025-12-02T14:56:35","slug":"ota-yhteytta","status":"publish","type":"page","link":"https:\/\/haukiputaantaideyhdistys.fi\/?page_id=28","title":{"rendered":"Ota yhteytt\u00e4"},"content":{"rendered":"\n<div class=\"wp-block-columns is-layout-flex wp-container-core-columns-is-layout-9d6595d7 wp-block-columns-is-layout-flex\">\n<div class=\"wp-block-column is-layout-flow wp-block-column-is-layout-flow\" style=\"flex-basis:66.66%\">\n<p>sihteeri@haukiputaantaideyhdistys.fi<\/p>\n\n\n\n<p>J\u00e4seneksi voi liitty\u00e4 maksamalla j\u00e4senmaksun 25 eur\/vuosi tilille Osuuspankki FI34 5740 7520 1072 84. Mainitse maksun yhteydess\u00e4 viestiss\u00e4 kenen maksusta on kysymys. L\u00e4het\u00e4 my\u00f6s viesti sihteerille, jotta p\u00e4\u00e4set yhdistyksen jakelulistalle. Kiitos kannatuksestasi!<\/p>\n\n\n\n<p><a href=\"http:\/\/haukiputaantaideyhdistys.fi\/?page_id=429\" data-type=\"page\" data-id=\"429\">Yhdistyksen s\u00e4\u00e4nn\u00f6t<\/a><\/p>\n\n\n\n<div class=\"wp-block-contact-form-7-contact-form-selector\">\n<div class=\"wpcf7 no-js\" id=\"wpcf7-f397-o1\" lang=\"fi\" dir=\"ltr\" data-wpcf7-id=\"397\">\n<div class=\"screen-reader-response\"><p role=\"status\" aria-live=\"polite\" aria-atomic=\"true\"><\/p> <ul><\/ul><\/div>\n<form action=\"\/index.php?rest_route=%2Fwp%2Fv2%2Fpages%2F28#wpcf7-f397-o1\" method=\"post\" class=\"wpcf7-form init\" aria-label=\"Yhteydenottolomake\" novalidate=\"novalidate\" data-status=\"init\">\n<fieldset class=\"hidden-fields-container\"><input type=\"hidden\" name=\"_wpcf7\" value=\"397\" \/><input type=\"hidden\" name=\"_wpcf7_version\" value=\"6.1.5\" \/><input type=\"hidden\" name=\"_wpcf7_locale\" value=\"fi\" \/><input type=\"hidden\" name=\"_wpcf7_unit_tag\" value=\"wpcf7-f397-o1\" \/><input type=\"hidden\" name=\"_wpcf7_container_post\" value=\"0\" \/><input type=\"hidden\" name=\"_wpcf7_posted_data_hash\" value=\"\" \/>\n<\/fieldset>\n<p><label> Nimesi<br \/>\n<span class=\"wpcf7-form-control-wrap\" data-name=\"your-name\"><input size=\"40\" maxlength=\"400\" class=\"wpcf7-form-control wpcf7-text wpcf7-validates-as-required\" aria-required=\"true\" aria-invalid=\"false\" value=\"\" type=\"text\" name=\"your-name\" \/><\/span> <\/label>\n<\/p>\n<p><label> S\u00e4hk\u00f6postisi<br \/>\n<span class=\"wpcf7-form-control-wrap\" data-name=\"your-email\"><input size=\"40\" maxlength=\"400\" class=\"wpcf7-form-control wpcf7-email wpcf7-validates-as-required wpcf7-text wpcf7-validates-as-email\" aria-required=\"true\" aria-invalid=\"false\" value=\"\" type=\"email\" name=\"your-email\" \/><\/span> <\/label>\n<\/p>\n<p><label> Aihe<br \/>\n<span class=\"wpcf7-form-control-wrap\" data-name=\"your-subject\"><input size=\"40\" maxlength=\"400\" class=\"wpcf7-form-control wpcf7-text wpcf7-validates-as-required\" aria-required=\"true\" aria-invalid=\"false\" value=\"\" type=\"text\" name=\"your-subject\" \/><\/span> <\/label>\n<\/p>\n<p><label> Viestisi<br \/>\n<span class=\"wpcf7-form-control-wrap\" data-name=\"your-message\"><textarea cols=\"40\" rows=\"10\" maxlength=\"2000\" class=\"wpcf7-form-control wpcf7-textarea\" aria-invalid=\"false\" name=\"your-message\"><\/textarea><\/span> <\/label>\n<\/p>\n<p><input class=\"wpcf7-form-control wpcf7-submit has-spinner\" type=\"submit\" value=\"L\u00e4het\u00e4\" \/>\n<\/p><div class=\"wpcf7-response-output\" aria-hidden=\"true\"><\/div>\n<\/form>\n<\/div>\n<\/div>\n<\/div>\n\n\n\n<div class=\"wp-block-column is-layout-flow wp-block-column-is-layout-flow\" style=\"flex-basis:33.33%\">\n<p>Puheenjohtaja<br>Pirjo Sohlo<\/p>\n\n\n\n<p>Rahastonhoitaja<br>Kari Holma<\/p>\n\n\n\n<p>Sihteeri<br>Riitta Lindstr\u00f6m<br><\/p>\n<\/div>\n<\/div>\n","protected":false},"excerpt":{"rendered":"<p>sihteeri@haukiputaantaideyhdistys.fi J\u00e4seneksi voi liitty\u00e4 maksamalla j\u00e4senmaksun 25 eur\/vuosi tilille Osuuspankki FI34 5740 7520 1072 84. Mainitse maksun yhteydess\u00e4 viestiss\u00e4 kenen maksusta on kysymys. L\u00e4het\u00e4 my\u00f6s viesti sihteerille, jotta p\u00e4\u00e4set yhdistyksen jakelulistalle. Kiitos kannatuksestasi! Yhdistyksen s\u00e4\u00e4nn\u00f6t PuheenjohtajaPirjo Sohlo RahastonhoitajaKari Holma SihteeriRiitta Lindstr\u00f6m<\/p>\n","protected":false},"author":1,"featured_media":342,"parent":0,"menu_order":0,"comment_status":"closed","ping_status":"closed","template":"","meta":{"_kad_post_transparent":"","_kad_post_title":"","_kad_post_layout":"","_kad_post_sidebar_id":"","_kad_post_content_style":"","_kad_post_vertical_padding":"","_kad_post_feature":"","_kad_post_feature_position":"","_kad_post_header":false,"_kad_post_footer":false,"footnotes":""},"class_list":["post-28","page","type-page","status-publish","has-post-thumbnail","hentry"],"_links":{"self":[{"href":"https:\/\/haukiputaantaideyhdistys.fi\/index.php?rest_route=\/wp\/v2\/pages\/28","targetHints":{"allow":["GET"]}}],"collection":[{"href":"https:\/\/haukiputaantaideyhdistys.fi\/index.php?rest_route=\/wp\/v2\/pages"}],"about":[{"href":"https:\/\/haukiputaantaideyhdistys.fi\/index.php?rest_route=\/wp\/v2\/types\/page"}],"author":[{"embeddable":true,"href":"https:\/\/haukiputaantaideyhdistys.fi\/index.php?rest_route=\/wp\/v2\/users\/1"}],"replies":[{"embeddable":true,"href":"https:\/\/haukiputaantaideyhdistys.fi\/index.php?rest_route=%2Fwp%2Fv2%2Fcomments&post=28"}],"version-history":[{"count":5,"href":"https:\/\/haukiputaantaideyhdistys.fi\/index.php?rest_route=\/wp\/v2\/pages\/28\/revisions"}],"predecessor-version":[{"id":458,"href":"https:\/\/haukiputaantaideyhdistys.fi\/index.php?rest_route=\/wp\/v2\/pages\/28\/revisions\/458"}],"wp:featuredmedia":[{"embeddable":true,"href":"https:\/\/haukiputaantaideyhdistys.fi\/index.php?rest_route=\/wp\/v2\/media\/342"}],"wp:attachment":[{"href":"https:\/\/haukiputaantaideyhdistys.fi\/index.php?rest_route=%2Fwp%2Fv2%2Fmedia&parent=28"}],"curies":[{"name":"wp","href":"https:\/\/api.w.org\/{rel}","templated":true}]}}